10
Suppose -6*s + 40 = -s. Let i = 23 - s. What is the greatest common divisor of 75 and i?
15
Suppose -k - 3*y - 2*y = 49, 4*y + 182 = -5*k. Let p = 26 - k. What is the highest common divisor of p and 15?
15
Let c be (-1 - -1)*2/(-4). Suppose c = 3*h - h - 6. Let a be 2/(-3) + 10/6. Calculate the highest common divisor of a and h.
1
Let c be (-22)/8*28/(-1). Calculate the highest common factor of c and 7.
7
Suppose 21*f = 20*f + 12. What is the greatest common factor of f and 108?
12
Suppose -3*y + 35 = -7*r + 9*r, 5*y - 5*r = 25. Let s be 1 - (0 + 2 + -1). Let b = s - -27. What is the greatest common divisor of b and y?
9
Suppose -4*y - 3 + 4 = 5*k, -3 = k. Suppose -2*b + 12 = t, 0*t - y*b + 12 = -4*t. Suppose -6 = -t*h + 6. Calculate the highest common divisor of 2 and h.
2
Suppose 50 = 4*q - 78. Suppose 5*c - q = 2*p, -6*p - 5 = -p. Let d(i) = i**3 + i**2 - i + 4. Let t be d(0). Calculate the greatest common factor of c and t.
2
Suppose -5*y = -5*s + 40, -4*s + s + 29 = -2*y. Calculate the highest common divisor of 117 and s.
13
Suppose 3*s = -a - 9 + 44, 4*s - 50 = -3*a. What is the highest common factor of 121 and s?
11
Let m = 0 - 1. Let o(d) = 37*d**2 + d. Let q be o(m). Suppose 3*v + 4*j - 4 = -0, v - 3*j - 10 = 0. Calculate the highest common divisor of v and q.
4
Let l = 34 + -20. Calculate the greatest common divisor of 7 and l.
7
Suppose 5*r - 44 = -o, o - 15 = -2*r - 2*o. Let x(d) = 2*d**2 - 8*d - 3. Let z be x(-5). Let w = z + -24. Calculate the highest common factor of r and w.
9
Suppose 0 = -4*i - f + 267, 3*f + 94 = 3*i - 95. What is the highest common factor of 6 and i?
6
Let c(q) be the second derivative of q**3/6 - 2*q**2 + 2*q. Let d be c(4). Suppose d + 4 = 2*v, x = -2*v + 54. Calculate the highest common factor of x and 10.
10
Let n(y) = 10*y - 10. Let a be n(5). Let s = 28 - 20. Suppose 8 = l - s. What is the greatest common divisor of l and a?
8
Let n = 13 + -40. Let s = n + 60. What is the highest common factor of 11 and s?
11
Let k = 35 - 15. Suppose -2*f = -0*f, 4*h + f - 8 = 0. Suppose 2*s - 3*q = -1, h*q = -0*s + 5*s - 14. What is the greatest common factor of k and s?
4
Let h be (3 + -21)*8/(-12). What is the greatest common factor of h and 60?
12
Let c = -1 - -12. Suppose -5*j + 306 = -134. Calculate the highest common divisor of c and j.
11
Let p(y) = y - 3. Let w be p(10). Calculate the highest common divisor of 49 and w.
7
Let o = -26 - -46. Suppose 0*y = -5*y + o. Let w be y/(-18) + 94/18. What is the highest common factor of 25 and w?
5
Let v = -19 - -38. Let c = -43 + 252. What is the greatest common factor of v and c?
19
Let z be 3 + (-2 - -2 - -57). What is the greatest common factor of 12 and z?
12
Let v be -2 + (-20)/(-1) + 3. Suppose 4*j - v = 27. Calculate the highest common factor of 3 and j.
3
Let s(j) = 19*j - 10. Let h be s(12). Let n be (-6)/9 + h/3. What is the highest common divisor of 12 and n?
12
Let j(k) = 3*k**3 - 5*k**2 + 4*k - 5. Let y be j(4). Calculate the highest common divisor of y and 3.
3
Let n(b) = -2*b**3 - 3*b - 2. Let w be n(-2). Calculate the greatest common divisor of w and 40.
20
Let f(j) = j**3 + j**2 - j - 2. Let a be f(2). Let p be (14/(-5))/((-6)/120). What is the highest common divisor of a and p?
8
Suppose 5*x = -4*c + 45, x - 3*c - 2*c = 9. Let m(q) = -q**3 + 9*q**2 + 2*q + 2. Let l be m(x). Calculate the highest common factor of l and 20.
20
Let m(p) = -p + 5. Let d be m(3). Suppose d*v - 12 = -2*v. Suppose n = v + 3. Calculate the highest common factor of 18 and n.
6
Let z be (-2)/(-8) - (-125)/(-20). Let u = z + 9. Let o = u + 10. Calculate the highest common factor of o and 13.
13
Let z(a) = -2*a. Let f be z(-1). Suppose 75 = f*u - 4*c + 15, 2*c = -3*u + 50. What is the greatest common divisor of u and 100?
20
Let r = 2 + 1. Suppose y - 6*y - 11 = -n, 3*n = -r*y + 51. Suppose -96 = -4*k - 0. What is the greatest common factor of n and k?
8
Let a(y) = 15*y**2. Let o be a(2). Suppose h + 5*f + 17 - 1 = 0, -5*h = -3*f - o. Suppose 4*c - 21 + h = 0. Calculate the greatest common divisor of 1 and c.
1
Let n be (3 - 3)/4 + 12. Calculate the greatest common divisor of 8 and n.
4
Let c = 390 - 206. Suppose 3*b = 4*b - 23. What is the highest common divisor of b and c?
23
Let r = 127 + -34. Suppose -r + 25 = -h. Calculate the highest common factor of h and 17.
17
Suppose -61 = -4*w - 5. Calculate the highest common divisor of w and 21.
7
Let z(r) = -r**2 - 7*r - 7. Let t be z(-8). Let v be -1 + 0 - t - 2. What is the greatest common divisor of 12 and v?
12
Let b(v) = -3*v - 7. Let m be b(-3). Calculate the greatest common factor of 1 and m.
1
Suppose 140 = 2*z - 3*s, 2*z + 2*s = s + 140. What is the highest common factor of z and 14?
14
Let x = 30 - -2. Let n = x + -2. Suppose z + 0*z = 20. Calculate the highest common factor of n and z.
10
Let w = 11 + -25. Let y = w + 10. Let i be (6/y)/(6/(-56)). Calculate the greatest common divisor of 112 and i.
14
Let o = 78 - 54. Let q = 153 + -298. Let y be (-4)/16 - q/4. Calculate the greatest common factor of o and y.
12
Let a = 25 + -16. Suppose -3*z = -23 + 14. Suppose -z*b + 69 = n - 0*n, 3*n = 5*b + 179. Calculate the highest common divisor of n and a.
9
Let w be (-2)/10*-14*20. Calculate the highest common factor of 8 and w.
8
Let j(s) = s**3 + 8*s**2 + 3*s - 3. Let y be -6 + (2 + -3)*0. Let w be j(y). Let d = w + -35. Calculate the greatest common divisor of 8 and d.
8
Let g(z) = 2*z**2 + 4*z + 5. Let x be g(-4). Let y = x + -13. Suppose 0 = -2*o + o + 2. What is the highest common divisor of o and y?
2
Let h be 8/20 + 8/5. Suppose -h*d + 8 = -0*d. Suppose f = d*f - 462. Calculate the greatest common factor of f and 14.
14
Suppose 3*j + 4*n = 638, 0*n - 6 = -3*n. Calculate the highest common divisor of 21 and j.
21
Let t = 170 - 66. Let a be (1 - t/(-10))*5. Suppose -10*x + 6*x = -76. What is the highest common divisor of x and a?
19
Suppose 0*b + 4*b - 648 = 0. Let m = -19 + 37. What is the highest common factor of b and m?
18
Let r(d) = -d**2 + 2*d - 10. Let i be r(7). Let y = i + 63. Let a(f) = -31*f - 11. Let s be a(-5). What is the highest common factor of y and s?
18
Let x(y) = y + 22. Let a be x(-8). Calculate the greatest common factor of 140 and a.
14
Suppose 15 = 4*r - r. Let j = 4 + r. Let q(u) = -62*u**3 + 2*u**2 - 1. Let t be q(-1). What is the greatest common divisor of j and t?
9
Suppose 0 = -0*z - z + 13. Let q = 7 + -2. Suppose -3*f + 3*c = -354, 4*c = -q*f + 3*f + 230. What is the greatest common factor of z and f?
13
Let q(u) = u**3 + 4*u**2 - 6*u + 7. Let o be q(-5). Let i(d) = d + 15. Let v be i(-9). What is the greatest common factor of o and v?
6
Suppose -129 = -3*f + n, 4*n - 12 = -0*n. What is the greatest common divisor of 4 and f?
4
Suppose -3*y = -y. Let d = y + 2. Calculate the highest common factor of d and 18.
2
Let g(o) = o**3 + 8*o**2 - 10*o + 5. Let a be g(-9). What is the highest common factor of 126 and a?
14
Suppose -7*m = -126 - 147. What is the highest common factor of 52 and m?
13
Suppose q - 214 = 3*y - 8*y, 4*q = 16. Calculate the highest common factor of 294 and y.
42
Let f(o) = -4*o - 1. Suppose 0 = -s - 3 - 7. Let p be f(s). Calculate the highest common factor of p and 26.
13
Let q = 25 - 16. Suppose -n = -4*n + q. Suppose g + 31 = 2*i + i, -n*g = i - 7. Calculate the greatest common factor of 2 and i.
2
Let u = 662 - 417. Calculate the greatest common factor of u and 35.
35
Let z be ((-9)/(-12))/(2/40). What is the highest common factor of 135 and z?
15
Let f be (-1 - 4)/(4/12). Suppose -135 = -0*i - 5*i. Let b = f + i. Calculate the highest common factor of b and 8.
4
Suppose 3*g - 60 = -3*x, -2*g - 5*x = 7 - 53. Let r = g + -13. What is the greatest common divisor of r and 5?
5
Let t(b) = 12*b - 8. Let a be t(2). Calculate the greatest common divisor of a and 32.
16
Let w be 2/(-4) - 76/(-8). Calculate the highest common divisor of w and 81.
9
Let s(q) = -2*q**2 - 20*q + 22. Let r be s(-10). Calculate the greatest common factor of 22 and r.
22
Let k = -26 - -52. Let s = 38 - k. What is the greatest common factor of 6 and s?
6
Let y be 16/(-1)*(-13)/26. What is the highest common factor of 104 and y?
8
Let q be -5 - -14*(-22)/(-4). Calculate the greatest common factor of 